nd s?
4
Suppose 24*r = r + 276. Suppose 4*b + 2 + 20 = u, -4*b = 2*u - 104. Calculate the highest common divisor of r and u.
6
Let d be 222/(-70 - -33) + 1260. Let l be -2 - (-3)/((-6)/(-136)). Calculate the highest common factor of d and l.
66
Let d(r) = -6*r**3 + 2*r**2 + 2*r + 1. Let p be d(-1). Let m be 25*(8/25)/(4/10). Let g be 0 - -3*m - 296/74. What is the greatest common divisor of g and p?
7
Let r = -16005 - -16497. What is the greatest common factor of 1353 and r?
123
Let s(x) = -x**2 - 18*x + 20. Let y be s(-16). Let d = -987 + 1000. Calculate the greatest common factor of d and y.
13
Let o be (1 + -12)*118830/(-7689). What is the highest common divisor of o and 37910?
170
Let z be 10/(-4)*(-1 - (-693)/(-45)). What is the highest common divisor of z and 1927?
41
Suppose 0 = q - 3*c - 33, -2*q = 2*q + 5*c - 149. Let v be (10/(-3))/(-2 - (-70)/q). Calculate the highest common factor of v and 20.
20
Suppose -101 + 2026 = 77*k. Calculate the highest common factor of k and 4775.
25
Let o = -5261 - -5386. What is the greatest common divisor of 10375 and o?
125
Let j be 12*(-4)/(8/27). Let d = 200 + j. What is the highest common factor of 1064 and d?
38
Let f = -509 + 512. Suppose 0 = 3*u + 2*t - 250, -2*t - 240 - 14 = -f*u. Calculate the greatest common factor of 224 and u.
28
Suppose -54028 + 57892 = 12*c. Calculate the greatest common factor of c and 1817.
23
Suppose 4*w - 2 - 10 = 0. Let h be (-26)/(-39)*3*426/4. Let k = 237 - h. Calculate the highest common factor of k and w.
3
Let k be (-36)/15*(30 + -55). Let y be (-4)/(-12) + 35/3. Calculate the greatest common factor of y and k.
12
Let n(b) = -122*b - 58. Let r be n(-5). Suppose -4*g + 7*w = 4*w - 261, 2*w = g - 59. What is the greatest common divisor of r and g?
69
Let p = -156 - -168. Suppose 290 = -8*h + p*h - 2*t, 4*h + 4*t - 272 = 0. Calculate the greatest common divisor of h and 355.
71
Let d be 5 - 4 - 10 - (-2976)/16. What is the greatest common factor of d and 3?
3
Suppose 1 = j + b - 2, 14 = 3*j + 2*b. Let h = 20 - j. Suppose -3*k = u + k - 48, 0 = 3*u - 2*k - 186. What is the highest common factor of h and u?
12
Let a(k) = 5*k - 30. Let d be a(7). Suppose 2*h - d*g - 16 = 424, 4*h - 836 = -g. Calculate the highest common factor of 30 and h.
30
Suppose 4*o + 0*z = 2*z + 352, -3*o - 2*z = -271. Suppose -m + 3*a + o = 0, m - 4*a = 25 + 69. Calculate the highest common divisor of m and 111.
37
Suppose -3*c - 36 = -5*q - 246, -4*c - 3*q = -280. Let k = 611 + -610. Let t be 3/k*(-224)/(-48). What is the greatest common divisor of t and c?
14
Let j = 27293 + -24098. What is the greatest common divisor of 360 and j?
45
Let b be -166*4*15/(-30). Let o = -321 + b. What is the highest common factor of o and 77?
11
Let l(j) = 7*j - 48. Let b(f) = f**3 + 25*f**2 - 52*f + 64. Let d be b(-27). Let t be l(d). What is the greatest common divisor of 44 and t?
22
Let n be (20 + -4)/(2 + 12/(-8)). Calculate the highest common divisor of n and 764.
4
Let f(u) = u**2 + 61*u - 186. Let b be f(3). What is the highest common divisor of 366 and b?
6
Let y(m) = m**3 - 2*m**2 + 10*m - 144. Let g be y(6). Calculate the highest common factor of g and 3930.
30
Let u(b) = b**3 - b**2 - 30*b + 7. Let g be u(6). Suppose -g*m = 14 - 63. What is the highest common divisor of 35 and m?
7
Let b be -14 + 23 + 14 + -3. What is the greatest common factor of 9520 and b?
20
Suppose 13*t = 29*t + 976. Let u = t - -83. What is the greatest common divisor of u and 2?
2
Let p(w) = -w**2 - 10*w + 112. Let y be p(5). Suppose 15*f = 367 - y. Calculate the greatest common factor of 165 and f.
11
Let f(m) = m**2 + 24*m - 81. Let n be f(18). What is the highest common divisor of 270 and n?
135
Let f = -150 + 423. Let v(c) = -c**3 - 25*c**2 + 61*c + 202. Let k be v(-27). Calculate the greatest common divisor of k and f.
13
Let i be (3 - 0) + 6 + -18. Let r be (-17)/(-3) - 3/i. Suppose 2*j - 36 = 4*k, 0 = 5*j + 5*k - 24 - r. What is the greatest common factor of 15 and j?
5
Let j = -3162 + 3990. Calculate the highest common factor of 2944 and j.
92
Suppose -3*a - 53 = -4*n + 32, n - 7*a = 40. What is the greatest common factor of 2603 and n?
19
Let s be (-4)/(-14) - -219*(-55)/(-105). What is the greatest common factor of 20 and s?
5
Let w(f) be the third derivative of f**5/60 - f**4/12 - 4*f**3 + 2*f**2 + 37. Let x be w(-5). What is the greatest common divisor of x and 121?
11
Suppose -4*i - 9*r = -86, 9*r - 5*r = -2*i + 40. What is the highest common factor of 1048 and i?
8
Suppose 23*n = -11*n + 34. Let k be (-4)/(215/225 - n). What is the greatest common divisor of k and 18?
18
Suppose 16*h = 12*h + 72. Let u(b) = 5*b**2 + 45. Let n be u(-9). What is the greatest common divisor of n and h?
18
Suppose 34*i - 32600 = -32226. Let r(y) = -7*y - 5. Let d be r(-7). What is the highest common divisor of d and i?
11
Let k(a) = a**2 + 32*a + 165. Suppose 25*p + 26 = -g + 23*p, g - p + 26 = 0. Let b be k(g). What is the highest common divisor of b and 63?
9
Let o be (-1 - 4/(-3)) + (-8)/24. Suppose 51*r - 56*r + 20 = o. Let s be (-10)/(-3)*6/5. Calculate the highest common factor of s and r.
4
Let p be 1/14*-2 - 2320/(-70). Let q(h) = -13*h**2 + 3*h**2 + 13 - 11*h + 5*h**2 + 6*h**2. Let t be q(10). What is the highest common factor of t and p?
3
Suppose 135767 + 313432 = 117*f + 20043. What is the highest common factor of f and 21?
7
Suppose 3*f - 21 = 0, -9*k + f = -5*k - 29297. Calculate the highest common divisor of k and 99.
99
Suppose x - 4*j - 2682 = 3760, -32315 = -5*x - j. What is the highest common factor of 9 and x?
9
Let x be 25 + 390 - (-6 + 5). Calculate the greatest common divisor of x and 78.
26
Let g be (18/12 - 4)*42/(-15). Suppose -831 = -g*f + 65. Calculate the highest common factor of 160 and f.
32
Let w(y) = -2*y + 57. Suppose 16*l + 12 = 19*l, -4*s + 2*l + 64 = 0. Let f be w(s). What is the greatest common factor of f and 6?
3
Let y be -2 - -98 - 1/1. Suppose -4*w + 5 = -y. Calculate the highest common divisor of 275 and w.
25
Let c(p) = 2*p**3 - 46*p**2 + 86*p - 27. Let z be c(21). Calculate the greatest common factor of 36615 and z.
15
Let c = -4 + 8. Suppose w = -5*s + 13 - 4, 0 = -4*s - c*w + 20. What is the highest common divisor of 2 and s?
1
Suppose -197*c + 32942 = -2124. What is the highest common factor of 17711 and c?
89
Let u = 2 + -4. Let n be (-3)/(-6) + (-53)/u. Let k be (-9700)/(-12610) - 575/(-13). Calculate the greatest common factor of k and n.
9
Let g(v) = -v**3 + 6*v - 3*v + 9*v**2 - 9*v - 2. Let d be g(7). What is the highest common divisor of d and 243?
27
Suppose 28*p = 71*p + 39*p - 20746. What is the highest common factor of p and 966?
23
Suppose 1311*p + 1315*p + 35140 = 2633*p. Calculate the highest common divisor of 60 and p.
20
Suppose 0 = -4*m - 5*c + 8816, -3*m + 157 = 5*c - 6455. Calculate the highest common factor of m and 304.
76
Let w be (-91*(-21)/819)/((-1)/(-6)). Suppose 0*h + 572 = 5*o - 4*h, 554 = 5*o + 2*h. Calculate the highest common divisor of o and w.
14
Suppose -2*b - 53984 = -9*b - 7*b. What is the highest common divisor of 96 and b?
16
Suppose -2*g - 8*c + 7*c + 7 = 0, -g + 4*c + 26 = 0. Let q be 52 + (5 - -3)/(-8). Calculate the greatest common divisor of g and q.
3
Suppose 3*o + w = 66, 0 = -39*o + 37*o - 3*w + 37. Let x be (1 - 0) + (-274)/(-2). What is the highest common divisor of o and x?
23
Let k be 0 - (-48528)/12*4/6. Suppose 0 = -3*m - 3*n - 1617, -m = 4*m + 4*n + k. Let p be (14/2)/(-2 - m/268). What is the greatest common divisor of 67 and p?
67
Let h be (3/(-18))/((-2148)/(-216) - 10). Calculate the highest common factor of h and 1779.
3
Suppose 18*j = 370 + 224. Let w be 22/(-121) - (-930)/j. What is the greatest common factor of 8 and w?
4
Let r(u) = -2989*u + 3025. Let j be r(1). Let b = -11 - -15. What is the highest common factor of b and j?
4
Let h = -2125 - -2710. Calculate the greatest common factor of h and 156.
39
Let f be (2 - 0) + 217/(-31) + 1*60. What is the greatest common divisor of 145 and f?
5
Suppose 4*x = 4*y - 756, 42*x - 37*x - 738 = -4*y. Calculate the highest common divisor of y and 583.
11
Let j be 146080/280*(3 - (-4)/8). What is the highest common divisor of 44 and j?
22
Let a be (-7)/(-2 - 5)*31629 - (-3)/1. Calcu